e greatest common factor of k and 99.
9
Let v = -20 - -53. Suppose -368 = -2*s + 406. Let q = s - 156. What is the highest common factor of q and v?
33
Suppose -v = 3*s - 173, -3*s + 336 = 4*v + 184. Let x(n) = -n - 3. Let g be x(-3). Let j be (-15)/9*(g - 18). Calculate the greatest common factor of j and s.
30
Suppose 2*z + 2*z - 8 = -3*o, -o + 10 = 5*z. Suppose -4*p + 5*h + 1527 = o, 5*p + 0*h = -2*h + 1884. Calculate the greatest common factor of 14 and p.
14
Let a be (-5555)/(-404) - (-6)/(-8). Let w be 242*1 + -6 + 11. Calculate the greatest common factor of w and a.
13
Let d = 23222 + -23010. What is the highest common factor of 17596 and d?
212
Suppose -13*r + 768 = -1624. Let t(c) = -48 + 187*c + r*c - 368*c. Let l be t(24). Calculate the highest common divisor of 32 and l.
8
Let l be ((-132)/(-330))/(2/55). Let k(n) = n**3 + 4*n**2 - 6*n - 3. Let p be k(-5). Calculate the highest common divisor of l and p.
1
Suppose 0 = -2*c + 102*c - 38096 - 16204. What is the greatest common divisor of c and 3?
3
Suppose -811249 + 285577 = -149*q. Calculate the highest common factor of q and 420.
84
Let y = -10064 - -10247. What is the greatest common divisor of y and 3599?
61
Let a(t) = -20*t - 29. Let d be 2*(-20 + 5)/5. Let j be a(d). Calculate the greatest common divisor of 26 and j.
13
Let v(z) = 14*z**2 - 2*z. Suppose 32*i = 31*i - 6. Let g be 2/(4/(-2)) - (i - -2). Let t be v(g). Calculate the greatest common divisor of 15 and t.
15
Let c be 16 - 6 - -788 - -1*4/2. Calculate the greatest common factor of 950 and c.
50
Let t(y) = 68*y + 2289. Let g be t(-27). Calculate the greatest common divisor of g and 6.
3
Let f be (20 + 2)*-3*1/(-6). Suppose -5*u + 285 = k, 8 = -3*u + f. What is the greatest common divisor of 35 and k?
35
Let t be (88/(-32))/(393/132 + -3). Let p = 236 - t. What is the greatest common divisor of p and 5?
5
Suppose -5*q + 12*q = 126. Let k be 4/q - (-4 + 1700/(-45)). What is the highest common factor of 189 and k?
21
Suppose 2*f = 5*y - 4933, -1108 = 3*y - 5*f - 4064. What is the highest common divisor of 175 and y?
7
Let k be (-2 - -6813) + (9/45)/((-6)/150). Calculate the highest common factor of k and 166.
166
Let p be (-81)/21 + 10/(-70) + 16. Suppose -2*o - 2*o = 3*c - p, -c + 3*o + 4 = 0. What is the highest common factor of c and 128?
4
Let v(q) be the second derivative of 2*q**4/3 + q**3/2 + 5*q**2 - 87*q. Let t be v(-5). What is the greatest common factor of t and 260?
65
Let p be (4 + -5)/(5/(-4425)). Let x be ((-78)/18 - -1)*(-27)/6. Calculate the highest common divisor of x and p.
15
Let o be (-3)/(-9)*1 + 616/24. Suppose -3*g - 5*k = -152 - 458, g = -k + 200. Let s = g - 65. Calculate the greatest common factor of o and s.
26
Let u be -4 + 4 + 3 + -3. Let r be u - ((0 - -4) + -4). Suppose 27 = 3*q + 3*h, -h - 3*h + 20 = r. Calculate the greatest common divisor of 44 and q.
4
Let s = -1 - -25. Let w be 82 - (7 + 6 + -3). Calculate the highest common divisor of w and s.
24
Suppose 4 - 1 = 3*u + 4*h, 0 = 3*u + 2*h + 3. Let k be (4/2)/(2/u) + 27. Let s be (15/2)/(3 - 68/k). Calculate the highest common factor of 36 and s.
9
Let v(h) = 72*h**2 + 151*h + 6. Let b be v(-6). Calculate the highest common factor of b and 72.
36
Suppose 30*s - 9 = 51. Let u be (7 - -2) + (8 - 7) + s. Calculate the highest common factor of u and 600.
12
Suppose 2*m - 2 = 14. Let h be (1/2)/(73/2336). What is the highest common factor of h and m?
8
Let s(a) = -10*a - 9. Let v be s(-6). Let y be (13 - 2)/(6/306). What is the greatest common factor of v and y?
51
Let k = -214 + 215. Let n be 26 + k + 24/12. Let o be 4/(-6) + (-700)/(-6). Calculate the greatest common divisor of o and n.
29
Suppose 0 = -40*i - 257*i - 41*i + 59150. Suppose m - 2*m = -100. Calculate the greatest common factor of m and i.
25
Suppose -2*l = 3*l - 40. Suppose 3*i + 57 + 64 = z, 5*z = 5*i + 215. Let f = 47 + i. Calculate the highest common divisor of l and f.
8
Let u = -401119 + 401257. Let h = 375 + -168. What is the greatest common factor of u and h?
69
Suppose -4*y + 2*m + 28 = 0, -29 = -5*y + 5*m - m. Let k = -6 + y. Suppose 0*g - g - 15 = 5*w, k*w + 17 = g. What is the greatest common divisor of g and 15?
5
Let o(m) = -m**2 + 4*m - 3 + 9*m + 3*m - 26*m. Let h be o(-8). Let b = h - 4. What is the greatest common factor of 81 and b?
9
Let w(g) = g**3 - 16*g**2 + 54*g - 150. Let h be w(13). What is the highest common divisor of 18855 and h?
45
Let i be 184 + 16 - (3 + 0 - (50 + -52)). What is the highest common factor of i and 4225?
65
Let w be -5*7/20 + 4/(48/549). Suppose -6*a + 3*a = -12, -5*f + 90 = -5*a. What is the highest common factor of w and f?
22
Let i be 316*5/(-10)*1. Let y be ((-22)/(-3))/(i/(-1659)). Calculate the greatest common divisor of y and 22.
11
Let t(a) = 7*a - a + 8 - 6*a - 18*a**2. Let u be t(-4). Let p be u/6*9/(-6). What is the highest common factor of 35 and p?
35
Let m = -110 + 331. Let w = -163 + m. Calculate the highest common divisor of w and 4.
2
Let t(c) = -c**3 - 6*c**2 - 7*c + 4. Let o be t(-4). Suppose p - 1 - 168 = o. What is the highest common divisor of 39 and p?
13
Let i(g) = g. Let q(n) = 4*n**2 - 42*n - 86. Let j(d) = -5*i(d) - q(d). Let h be j(8). Let z = 46 + -28. What is the greatest common factor of h and z?
18
Let h be 17/2*(26/(-2) - -3). Suppose -s + 6*s + 330 = 0. Let b = s - h. Calculate the greatest common factor of 38 and b.
19
Suppose -15*y + 16 = -7*y. What is the highest common divisor of y and 216?
2
Suppose 0 = 75*b - 77*b + 50. Let d be b + 2 + 5/1. What is the greatest common factor of 2 and d?
2
Suppose 0 = -p + 9, 75 + 132 = 2*i - 7*p. What is the greatest common factor of i and 59265?
135
Suppose -4*f = y - 2, 3*f = -y + 2*y - 2. Suppose -4*q + 48 = -2*m, 83 = -3*m - 3*q + y. Let w = m + 30. Calculate the highest common divisor of w and 32.
4
Suppose 0 = p - 3*m - 88, 3*p - 254 = 2*m - 11. Suppose -73*q = -p*q + 156. What is the highest common divisor of 26 and q?
26
Let v = -4519 + 4867. What is the highest common factor of v and 58?
58
Suppose 7*h - 5*p - 718 = 0, 317 = -h + 4*h - 4*p. Calculate the highest common factor of h and 1827.
9
Let j(z) = -z**3 - 11*z**2 - 8*z + 20. Let k be j(-10). Suppose -38*i + 37*i + 5*w + 43 = k, 4*i - 67 = -w. Calculate the highest common factor of 207 and i.
9
Let i = -611 + 941. Suppose 5*x - i = -5*h, 9*h - 10*h + 1 = 0. Let y = 102 - 63. What is the highest common factor of x and y?
13
Let d = -1355 - -1370. What is the highest common divisor of 243 and d?
3
Let g be -5*(15/3 + (-1164)/(-20)). Let n = g - -341. Calculate the highest common divisor of n and 45.
5
Let b(y) = 7*y**3 - 262*y**2 + 1514*y + 9. Let p be b(6). Calculate the highest common divisor of p and 3726.
69
Let i be 261/(-15)*(-250)/(-60)*-2. What is the highest common divisor of 377 and i?
29
Let q be (-1)/(2/(-24)) + 0. Let m(p) = 8*p**2 + 13*p + 35. Let l be m(-8). Suppose -7*d - l = -779. Calculate the greatest common divisor of d and q.
12
Let j be 1470 - 9/((-9)/(-14)). What is the greatest common divisor of j and 32?
16
Suppose 0 = 5*j + 20, -5*t = -19*j + 20*j - 23271. What is the highest common factor of 19 and t?
19
Let p(d) = -5*d. Let f be p(-2). Let k(a) = 6*a - 18. Let j be k(5). Calculate the highest common divisor of f and j.
2
Let v(c) = -59*c + 385. Let x be v(-25). What is the highest common factor of x and 170?
10
Let h(k) = 5*k + 1. Let v = 16 - 13. Let r be h(v). Let a(g) = g**3 - 10*g**2 - 25*g + 16. Let p be a(12). What is the highest common factor of r and p?
4
Let z(l) = -3*l + 53. Let n be z(11). Let w be 5 + -3*443/(-3). Let o = w - 248. Calculate the greatest common factor of n and o.
20
Let x be 52 - (-16)/(-16)*-2. Calculate the highest common divisor of 243 and x.
27
Suppose -9*l = 381 + 132. Let g = 570 + l. What is the highest common divisor of g and 19?
19
Suppose -169*r = 489335 - 2147901. Calculate the highest common divisor of r and 14.
14
Let j = 7332 - 7329. Calculate the highest common divisor of j and 23.
1
Let m be (-111)/(-11) + -5 + 270/55. Calculate the highest common factor of m and 1080.
10
Let a(s) = -60*s**3 + 2*s**2 + s. Let y be a(-1). Suppose -y*o = -69*o + 1760. What is the greatest common factor of o and 100?
20
Suppose -56*n - 48*n 